i(r) = -r**3 - 23*r**2 + 144*r - 36. What is i(5)?
-16
Let b(n) = -11*n - 188. Calculate b(-19).
21
Let c(a) = a**3 - 95*a**2 + 185*a + 7. Calculate c(93).
-86
Let t(a) = -3*a**3 - 17*a**2 - 22*a - 2. Give t(-7).
348
Let b(u) = u**3 - 9*u**2 - 26*u + 272. Calculate b(8).
0
Let c(n) = -2*n**2 - 69*n - 897. Calculate c(-20).
-317
Let s(w) = 14*w + 664. Give s(-47).
6
Let k(b) = b**3 + 4*b**2 - 478*b + 39. What is k(-24)?
-9
Let r(f) = -393*f - 4758. Determine r(-12).
-42
Let d(y) = 1027*y + 7144. Give d(-7).
-45
Let c(o) = 97*o - 271. Determine c(3).
20
Let a(i) = -i**3 + 49*i**2 + 105*i - 143. What is a(51)?
10
Let s(l) = 25*l**2 - 58*l - 9. Calculate s(3).
42
Let n(k) = k**3 - 7*k**2 - 15*k - 10. Give n(9).
17
Let v(f) = 425*f - 2975. Calculate v(7).
0
Let o(m) = -617*m - 2239. Calculate o(-4).
229
Let n(u) = -u**3 - 2*u**2 + 7*u + 12. Give n(-4).
16
Let c(n) = -275*n - 3021. Give c(-11).
4
Let w(s) = -2*s**3 + 11*s**2 - 235*s + 904. Determine w(4).
12
Let c(r) = -4*r**2 - 48*r - 122. Calculate c(-7).
18
Let u(y) = y**3 + 7*y**2 - 189*y - 34. Determine u(11).
65
Let u(d) = -22*d**2 - 395*d + 18. Give u(-18).
0
Let q(k) = -k**3 + 4*k**2 + 53*k - 111. What is q(2)?
3
Let r(o) = -o**3 - o**2 + 878*o + 4293. Determine r(-5).
3
Let j(s) = -s**3 - 109*s**2 - 520*s - 5. Calculate j(-104).
-5
Let i(y) = -2*y**3 + 74*y**2 - 318*y - 43. Determine i(32).
21
Let j(w) = -2*w**2 - 71*w + 378. Determine j(-41).
-73
Let z(r) = 23*r - 68. What is z(0)?
-68
Let c(x) = 485*x - 1262. What is c(3)?
193
Let b(x) = 70*x + 1775. Determine b(-25).
25
Let y(a) = -4*a**2 + 20*a + 35. Calculate y(11).
-229
Let h(x) = x**3 - 2*x**2 - 18*x - 10. What is h(-4)?
-34
Let g(o) = 16*o - 264. What is g(16)?
-8
Let f(q) = -250*q**3 + 6*q**2 + 3*q - 2. Calculate f(-1).
251
Let v(u) = u**2 - 522*u - 35573. Give v(-61).
-10
Let z(s) = -2*s**3 + 36*s**2 - 38*s + 69. Give z(17).
1
Let p(x) = -2*x**3 + 77*x**2 - 42*x + 158. Calculate p(38).
6
Let l(b) = b**2 - 2*b - 258. Calculate l(-15).
-3
Let h(i) = -14*i + 176. Give h(10).
36
Let c(d) = -d**2 + 121*d + 237. Determine c(122).
115
Let x(o) = -o**2 - 48*o - 14. Give x(-42).
238
Let n(j) = 71*j**2 - 12*j + 12. Give n(1).
71
Let m(k) = -112*k - 29. Give m(-3).
307
Let b(r) = -648*r + 173654. Give b(268).
-10
Let k(i) = i**3 - 49*i**2 + 581*i + 10. Determine k(29).
39
Let f(m) = 17*m + 1096. Give f(-62).
42
Let c(u) = -u**2 + 89*u - 1863. Calculate c(35).
27
Let j(s) = s**3 - 92*s**2 - 98*s + 406. Determine j(93).
-59
Let t(b) = -131*b - 19524. Determine t(-149).
-5
Let z(i) = 154*i**3 - i**2 - 55*i - 54. Calculate z(-1).
-154
Let o(m) = 4*m**2 - 4*m - 10. What is o(-1)?
-2
Let y(x) = x**3 + 5*x**2 + 7*x + 18. Calculate y(-4).
6
Let l(h) = 12*h**2 + 31*h + 30. What is l(-1)?
11
Let a(l) = -500*l + 6345. Determine a(13).
-155
Let j(r) = -r**3 - 7*r**2 + 87*r + 490. Calculate j(-5).
5
Let r(k) = 17*k**2 + 157*k + 40. Calculate r(-9).
4
Let b(f) = 6*f**2 - 24*f + 83. Calculate b(5).
113
Let w(j) = 2*j**3 + 5*j + 33. Determine w(0).
33
Let o(a) = 9*a**3 - a**2 - 240*a - 238. Give o(-1).
-8
Let u(t) = 5*t**2 + 154*t + 17. Give u(-31).
48
Let b(t) = 75*t + 886. Determine b(-11).
61
Let k(s) = 5*s**2 + 499*s - 604. Determine k(-101).
2
Let w(f) = -f**2 - 23*f + 1140. Give w(-38).
570
Let g(p) = -194*p - 32. Give g(-1).
162
Let j(s) = -2*s**3 - 28*s**2 + 25*s - 85. Calculate j(-15).
-10
Let x(h) = -2683*h + 5319. Give x(2).
-47
Let u(a) = -a**2 + 19*a + 1473. Give u(49).
3
Let f(x) = -260*x + 1909. What is f(8)?
-171
Let i(t) = 12*t**2 + 82*t - 145. Determine i(-8).
-33
Let p(o) = 3*o**2 - 8*o - 25. Give p(-5).
90
Let u(k) = -k**3 + 9*k**2 + 21*k - 248. Give u(7).
-3
Let v(y) = -4845*y + 14539. Calculate v(3).
4
Let g(n) = 17*n**2 + 121*n + 137. What is g(-6)?
23
Let c(q) = -q**3 + 15*q**2 - 40*q + 584. What is c(15)?
-16
Let r(s) = 953*s - 10465. Calculate r(11).
18
Let i(w) = 2*w**3 - 275*w**2 + 137*w - 10. Calculate i(137).
-10
Let i(b) = 42*b + 1625. Determine i(-39).
-13
Let q(g) = -g**2 - 33*g - 73. Calculate q(-33).
-73
Let h(l) = -l**2 - 34*l - 185. Determine h(-9).
40
Let g(w) = 2*w**2 + 48*w + 229. Calculate g(-5).
39
Let n(b) = -374*b - 373. Calculate n(-1).
1
Let a(t) = -2*t**3 - 64*t**2 + 61*t - 105. Determine a(-33).
60
Let r(b) = -b**2 - 11*b + 67. Determine r(6).
-35
Let p(g) = -g**3 - 7*g**2 - 7*g - 9. Give p(-6).
-3
Let f(z) = 456*z + 3648. Determine f(-8).
0
Let x(w) = 15*w**3 + 46*w**2 + 66*w + 204. Calculate x(-3).
15
Let r(q) = -551*q - 17630. Determine r(-32).
2
Let j(a) = 50*a + 709. Calculate j(-15).
-41
Let m(c) = c**3 - 3*c**2 + 1524*c - 10845. What is m(7)?
19
Let g(t) = -3*t**2 - 10*t + 144. Give g(-9).
-9
Let o(s) = s**3 + s**2 - 28*s - 147. Give o(-5).
-107
Let v(w) = -6923*w - 11. Determine v(0).
-11
Let t(v) = v**3 - 5*v**2 - 73*v + 542. Determine t(8).
150
Let q(p) = p**3 + 6*p**2 - 46*p - 51. Calculate q(-10).
9
Let m(c) = -19*c + 1496. Calculate m(79).
-5
Let l(r) = r**3 + 5*r**2 - 208*r - 853. Give l(-4).
-5
Let n(h) = 306*h - 3391. Determine n(11).
-25
Let c(p) = -589*p - 6483. What is c(-11)?
-4
Let u(l) = -l**2 + 147*l + 1078. Determine u(-7).
0
Let v(r) = r**3 + 30*r**2 - 161*r - 4006. Calculate v(-31).
24
Let t(x) = 134*x + 1754. Calculate t(-13).
12
Let d(h) = h**2 - 13*h - 165. What is d(18)?
-75
Let o(u) = -496*u - 460. Calculate o(0).
-460
Let h(l) = l**3 - 13*l**2 + 70*l - 1183. Give h(14).
-7
Let i(o) = 5*o**3 - 206*o**2 + 34*o + 287. Determine i(41).
0
Let n(w) = 1288*w + 33481. Give n(-26).
-7
Let l(f) = -115*f**3 + 576*f**2 - 12*f + 30. Determine l(5).
-5
Let s(m) = -3*m**2 + 1147*m - 12252. Calculate s(11).
2
Let f(z) = -z**2 - 18*z + 10. Calculate f(-6).
82
Let y(b) = -b**2 - 48*b - 573. Determine y(-26).
-1
Let i(l) = 159*l + 2577. What is i(-16)?
33
Let a(o) = 25*o**2 - 401*o + 12. Determine a(16).
-4
Let i(u) = -6*u**3 + 2*u**2 - 7*u + 6. What is i(3)?
-159
Let l(p) = -p**3 - 11*p**2 + 8*p - 11. Determine l(-9).
-245
Let a(j) = 3*j + 39. Give a(-5).
24
Let f(y) = 76*y - 28. Calculate f(3).
200
Let o(x) = 797*x - 18344. Calculate o(23).
-13
Let p(q) = 137*q - 3950. What is p(29)?
23
Let x(u) = 791*u - 36323. What is x(46)?
63
Let z(t) = -61*t - 3660. Calculate z(-60).
0
Let d(r) = 217*r - 27138. Determine d(125).
-13
Let g(q) = 440*q + 14965. Determine g(-34).
5
Let t(x) = -117*x - 10416. Give t(-89).
-3
Let p(o) = o**3 - 18*o**2 + 23*o - 158. Determine p(15).
-488
Let p(d) = d**2 - 103*d + 2655. What is p(58)?
45
Let o(i) = -i**3 - 79*i**2 + 696*i + 3. What is o(8)?
3
Let i(r) = 1978*r - 7913. Calculate i(4).
-1
Let l(x) = 184*x + 12515. What is l(-68)?
3
Let m(n) = -2*n**3 + 23*n**2 - 12*n + 286. What is m(12)?
-2
Let x(j) = j**3 - 91*j**2 + 356*j - 2. Give x(4).
30
Let s(p) = p**3 - 2*p**2 - 41*p - 51. Calculate s(-6).
-93
Let p(x) = 160*x + 145. What is p(-2)?
-175
Let c(w) = w**2 + 27*w + 170. Give c(-5).
60
Let o(z) = -z**3 + 20*z**2 + 11*z - 580. Calculate o(19).
-10
Let h(q) = 361*q + 5112. Calculate h(-14).
58
Let d(c) = -7*c. Determine d(-3).
21
Let c(r) = 4*r**2 + 91*r - 223. What is c(-25)?
2
Let a(n) = n**3 - 27*n**2 - 59*n - 52. Give a(29).
-81
Let j(p) = 8083*p + 32332. Calculate j(-4).
0
Let p(m) = -513*m - 33350. Calculate p(-65).
-5
Let m(q) = 3*q**2 - 54*q + 311. What is m(17)?
260
Let k(v) = -2*v**3 - 120*v**2 - 119*v - 18. Calculate k(-59).
41
Let a(n) = -n**3 + 10*n + 66. Determine a(5).
-9
Let a(x) = -x**3 + 131*x**2 + 263*x + 396. Determine a(133).
-3
Let y(r) = r**3 - 57*r**2 + 213*r - 48. Give y(53).
5
Let j(n) = 60*n**2 + 1566*n + 157. Determine j(-26).
1
Let l(r) = -60*r + 570. What is l(12)?
-150
Let j(c) = 38*c**2 - 870*c - 65. Calculate j(23).
27
Let m(s) = -s**3 + 9*s**2 + 348*s + 282. Determine m(24).
-6
Let v(n) = 22*n**3 + 640*n**2 + 18*n - 1160. What is v(-29)?
0
Let h(f) = 147*f + 4130. Determine h(-28).
14
Let d(s) = 29*s - 232. Give d(9).
29
Let d(l) = 4*l**3 - 86*l**2 + 46*l - 95. Calculate d(21).
-11
Let w(d) = 3*d**2 - 21*d + 19. Calculate w(13).
253
Let z(n) = -20*n**2 - 304*n - 111. Determine z(-15).
-51
Let w(j) = j**3 + 24*j**2 + 3*j + 491. What is w(-25)?
-209
Let w(r) = -2*r**3 + 12*r**2 - 58. Determine w(4).
6
Let g(l) = -2*l**2 + 151*l + 2616. What is g(90)?
6
Let j(q) = 2*q**3 + 21*q**2 + q - 5. What is j(0)?
-5
Let m(y) = y**3 - 3*y**2